{"id":161,"date":"2019-10-31T10:52:23","date_gmt":"2019-10-31T10:52:23","guid":{"rendered":"http:\/\/niemeyer-neustadt.de\/?page_id=161"},"modified":"2019-11-03T11:07:28","modified_gmt":"2019-11-03T11:07:28","slug":"so-finden-sie-uns","status":"publish","type":"page","link":"https:\/\/niemeyer-neustadt.de\/?page_id=161","title":{"rendered":"So finden Sie uns"},"content":{"rendered":"\n<p>Fam. Niemeyer<br>Streitfeldstr. 3<br>31535 Neustadt am R\u00fcbenberge<br>OT. Dudensen <\/p>\n\n\n\n<p>Bitte beachten Sie bei der Eingabe in Ihrem Navigationsger\u00e4t die richtige Schreibweise des Stra\u00dfennamens. Immer wieder kommt es vor, dass Ihnen die Navigationsger\u00e4te den Vorschlag &#8222;Streitfeld Stra\u00dfe&#8220; anbieten.<\/p>\n\n\n\n<p><strong>Bitte verwenden Sie &#8222;Streitfeldstra\u00dfe.&#8220; als zusammengeschriebenes Wort bei der Auswahl Ihrer Eingabe.<\/strong><\/p>\n\n\n\n<h3><strong>Anreise mit dem Auto<\/strong><\/h3>\n\n\n\n<h3>So finden Sie\nNeustadt und Dudensen<\/h3>\n\n\n\n<figure class=\"wp-block-image\"><a href=\"file:\/\/\/E:\/Melanie%20und%20Marco\/Eigene%20Dateien\/Internetseiten%20Niemeyer\/Internetseiten%20Niemeyer\/Internetseiten%20mit%20Word%20bearbeitet%2003_2014\/karteg.gif\"><img loading=\"lazy\" width=\"500\" height=\"576\" src=\"https:\/\/niemeyer-neustadt.de\/wp-content\/uploads\/2019\/10\/karteg-500x576-1.gif\" alt=\"\" class=\"wp-image-262\"\/><\/a><\/figure>\n\n\n\n<p>Wenn Sie auf der <strong>B6<\/strong> aus Richtung\nHannover oder Bremen anreisen, verlassen Sie die B6 in Himmelreich.<br>\nDiese <strong>Abfahrt<\/strong> ist mit<br>\n<strong>&nbsp;&nbsp;Wunstorf<br>\n&nbsp;&nbsp;Neustadt<br>\n&nbsp;&nbsp;Rodewald<\/strong><br>\nbeschriftet. Von dort aus fahren Sie n\u00f6rdlich, auf der L192, <strong>Richtung Rodewald<\/strong>.\nWenn Sie der Ausschilderung Rodewald folgen, erreichen Sie Dudensen\n\u00fcber die Ortschaften Eilvese und Hagen. <\/p>\n\n\n\n<p>Wenn Sie auf der <strong>B214<\/strong> aus Richtung Celle kommen, fahren Sie in der\nOrtschaft <strong>Rodewald<\/strong> von der Bundesstra\u00dfe ab. Folgen Sie der <strong>Ausschilderung\nNeustadt<\/strong> und erreichen Sie Dudensen \u00fcber Laderholz und Bevensen. <\/p>\n\n\n\n<h3><strong>So finden Sie unseren Hof<\/strong><\/h3>\n\n\n\n<p>Wenn\nSie in die Ortschaft <strong>Dudensen<\/strong> eingefahren\nsind, verlassen Sie die L 192 und biegen in die <strong>Alte Wehme<\/strong>\nein. An der zweiten Kreuzung fahren Sie dann links in die <strong>Streitfeldstra\u00dfe<\/strong>.\nDort stehen Sie direkt vor unserem Hof.<\/p>\n\n\n\n<h3><a rel=\"noreferrer noopener\" href=\"http:\/\/maps.google.de\/\" target=\"_blank\"><strong>http:\/\/maps.google.de<\/strong><\/a><\/h3>\n\n\n\n<h3><strong>Anreise mit \u00f6ffentlichen Verkehrsmitteln<\/strong><\/h3>\n\n\n\n<p>Die Bushaltestelle <strong>Dudensen<\/strong><strong> West<\/strong> ist\ndirekt vor unserer Haust\u00fcr. Von da aus fahren Sie mit einem Bus des <a href=\"http:\/\/www.gvh.de\/\" target=\"_blank\" rel=\"noreferrer noopener\">GVH<\/a> zum Bahnhof-Hagen oder\nBahnhof-Neustadt und k\u00f6nnen von dort mit einem Zug der <a href=\"http:\/\/www.deutsche-bahn.de\">DB<\/a> in Richtung Hannover oder\nBremen fahren. <\/p>\n\n\n\n<p>Um von hier aus online ihre Fahrt zu planen, k\u00f6nnen Sie die <a href=\"http:\/\/www.efa.de\/gvh\/XSLT_TRIP_REQUEST2?language=de&amp;place_origin=Dudensen&amp;name_origin=West&amp;type_origin=stop&amp;sessionID=0\">Online\nFahrplanauskunft EFA<\/a> benutzen. <\/p>\n","protected":false},"excerpt":{"rendered":"<p>Fam. NiemeyerStreitfeldstr. 331535 Neustadt am R\u00fcbenbergeOT. Dudensen Bitte beachten Sie bei der Eingabe in Ihrem Navigationsger\u00e4t die richtige Schreibweise des Stra\u00dfennamens. Immer wieder kommt es vor, dass Ihnen die Navigationsger\u00e4te den Vorschlag &#8222;Streitfeld Stra\u00dfe&#8220; anbieten. Bitte verwenden Sie &#8222;Streitfeldstra\u00dfe.&#8220; als zusammengeschriebenes Wort bei der Auswahl Ihrer Eingabe. Anreise mit dem Auto So finden Sie Neustadt &hellip; <\/p>\n<p class=\"link-more\"><a href=\"https:\/\/niemeyer-neustadt.de\/?page_id=161\" class=\"more-link\"><span class=\"screen-reader-text\">\u201eSo finden Sie uns\u201c<\/span> weiterlesen<\/a><\/p>\n","protected":false},"author":1,"featured_media":0,"parent":0,"menu_order":0,"comment_status":"closed","ping_status":"closed","template":"","meta":[],"_links":{"self":[{"href":"https:\/\/niemeyer-neustadt.de\/index.php?rest_route=\/wp\/v2\/pages\/161"}],"collection":[{"href":"https:\/\/niemeyer-neustadt.de\/index.php?rest_route=\/wp\/v2\/pages"}],"about":[{"href":"https:\/\/niemeyer-neustadt.de\/index.php?rest_route=\/wp\/v2\/types\/page"}],"author":[{"embeddable":true,"href":"https:\/\/niemeyer-neustadt.de\/index.php?rest_route=\/wp\/v2\/users\/1"}],"replies":[{"embeddable":true,"href":"https:\/\/niemeyer-neustadt.de\/index.php?rest_route=%2Fwp%2Fv2%2Fcomments&post=161"}],"version-history":[{"count":6,"href":"https:\/\/niemeyer-neustadt.de\/index.php?rest_route=\/wp\/v2\/pages\/161\/revisions"}],"predecessor-version":[{"id":481,"href":"https:\/\/niemeyer-neustadt.de\/index.php?rest_route=\/wp\/v2\/pages\/161\/revisions\/481"}],"wp:attachment":[{"href":"https:\/\/niemeyer-neustadt.de\/index.php?rest_route=%2Fwp%2Fv2%2Fmedia&parent=161"}],"curies":[{"name":"wp","href":"https:\/\/api.w.org\/{rel}","templated":true}]}}